{"id":678,"date":"2018-05-24T11:34:05","date_gmt":"2018-05-24T10:34:05","guid":{"rendered":"http:\/\/biskopen.se\/?page_id=678"},"modified":"2018-05-24T11:36:59","modified_gmt":"2018-05-24T10:36:59","slug":"gdpr","status":"publish","type":"page","link":"https:\/\/biskopen.se\/index.php\/gdpr\/","title":{"rendered":"GDPR"},"content":{"rendered":"<p><strong>GDPR<\/strong><\/p>\n<p>GDPR (General Data Protection Regulation) \u00e4r en ny dataskyddslag inom EU som b\u00f6rjar g\u00e4lla i hela EU fredag 25 maj 2018. GDPR ers\u00e4tter den svenska Personuppgiftslagen (PUL) och reglerar hur f\u00f6retag f\u00e5r behandla personuppgifter. Vi p\u00e5 Biskopens Fastighetsf\u00f6rvaltning tycker det \u00e4r viktigt med din integritet och att ni skall k\u00e4nna er trygga med hur vi hanterar era personuppgifter. Vill du f\u00e5 en b\u00e4ttre inblick i hur vi hanterar dina personuppgifter. Nedan kan du l\u00e4sa mer om hur vi sparar och anv\u00e4nder din personliga information.<\/p>\n<p><strong>Information om behandling av personuppgifter:<\/strong> Vi behandlar personuppgifter n\u00e4r du s\u00f6ker bostad, n\u00e4r du sedan blir kund hos oss och \u00e4ven en tid efter att din tid som kund hos oss har upph\u00f6rt. Din integritet \u00e4r viktig f\u00f6r oss och vi vill d\u00e4rf\u00f6r att du l\u00e4ser vidare f\u00f6r att f\u00e5 veta mer. En personuppgift \u00e4r all slags information som kan kopplas till dig som person, till exempel namn, adress, kontaktuppgifter som telefonnummer och e-postadresser.<\/p>\n<p><strong>Personuppgiftsansvarig:<\/strong> Bostadsf\u00f6retaget du\/ni hyr av \u00e4r personuppgiftsansvarig f\u00f6r behandling av dina personuppgifter som vi g\u00f6r sj\u00e4lva eller annat f\u00f6retag g\u00f6r p\u00e5 v\u00e5rt uppdrag. N\u00e4r du erbjuds en bostad hos oss: N\u00e4r du blir erbjuden en bostad hos oss beh\u00f6ver vi behandla fler uppgifter om dig. D\u00e5 beh\u00f6ver vi till exempel uppgifter om din ekonomi, om din anst\u00e4llning och hur du sk\u00f6tt tidigare boenden och hyresinbetalningar. Det inneb\u00e4r att vi g\u00f6r en kreditupplysning, h\u00e4mtar uppgifter fr\u00e5n inkassobolag och Kronofogdemyndigheten och behandlar anst\u00e4llningsintyg, andra intyg och uppgifter fr\u00e5n referenspersoner du l\u00e4mnar till oss. Om du har en f\u00f6rvaltare eller god man beh\u00f6ver vi behandla de uppgifterna. Om du erbjuds ett s\u00e4rskilt boende eller gruppboende kommer vi att h\u00e4mta in beslut fr\u00e5n socialn\u00e4mnden. Om du erbjuds en studentbostad kommer vi att behandla antagningsbesked och k\u00e5rmedlemskap eller andra intyg som styrker att du kommer att studera under hyrestiden. Vi sparar dina uppgifter s\u00e5 l\u00e4nge de \u00e4r relevanta och aktuella. Kreditupplysning, uppgifter fr\u00e5n inkassobolag och myndigheter som vi samlat in f\u00f6r att godk\u00e4nna dig som hyresg\u00e4st sparar vi inte. Om du blir nekad en l\u00e4genhet hos oss p\u00e5 grund av att vi inte kan godta dig som hyresg\u00e4st kommer vi dock att bevara dina personuppgifter i tre m\u00e5nader efter avslagsbeslutet.<\/p>\n<p><strong>Under hyresf\u00f6rh\u00e5llandet:<\/strong> N\u00e4r du blir kund hos oss och f\u00e5r ett hyresavtal behandlar vi dina personuppgifter f\u00f6r att kunna fullg\u00f6ra och administrera v\u00e5ra skyldigheter som hyresv\u00e4rd och avtalspart. Under hyresf\u00f6rh\u00e5llandet behandlar vi till exempel dina personuppgifter n\u00e4r vi skickar ut hyresavier och hanterar dina betalningar, n\u00e4r vi inh\u00e4mtar uppgifter om f\u00f6rbrukning av el och\/eller vatten\/v\u00e4rme, n\u00e4r vi hyresf\u00f6rhandlar och n\u00e4r vi skickar information till dig som du beh\u00f6ver. Vi kan ocks\u00e5 beh\u00f6va uppdatera dina personuppgifter mot offentliga register f\u00f6r att s\u00e4kerst\u00e4lla att de \u00e4r korrekta. Om du har skyddade personuppgifter kommer vi att hantera dina uppgifter enligt v\u00e5ra rutiner f\u00f6r s\u00e5dana. Vi behandlar ocks\u00e5 dina personuppgifter f\u00f6r att kunna tillhandah\u00e5lla v\u00e5ra tj\u00e4nster och service till dig samt f\u00f6r att marknadsf\u00f6ra oss och v\u00e5ra tj\u00e4nster. Denna behandling \u00e4r n\u00f6dv\u00e4ndig f\u00f6r v\u00e5rt ber\u00e4ttigade intresse att utveckla, f\u00f6rb\u00e4ttra och s\u00e4lja produkter och tj\u00e4nster och beh\u00e5lla en god kundkontakt med dig. Dina personuppgifter kommer ocks\u00e5 att behandlas s\u00e5 att andra f\u00f6retag kan marknadsf\u00f6ra sina produkter som du kan ha nytta av i samband med hyresf\u00f6rh\u00e5llandet. S\u00e5dan marknadsf\u00f6ring kan avse bredbandsbolag, f\u00f6rs\u00e4kringsbolag och elbolag. Vi behandlar ocks\u00e5 dina personuppgifter n\u00e4r det \u00e4r n\u00f6dv\u00e4ndigt f\u00f6r att tillvarata ett r\u00e4ttsligt anspr\u00e5k. Det kan vi beh\u00f6va g\u00f6ra om det till exempel f\u00f6rekommer st\u00f6rningar i boendet, sena eller uteblivna hyresbetalningar eller skador i l\u00e4genheten. Vi kan ocks\u00e5 beh\u00f6va l\u00e4mna ut dina personuppgifter till socialn\u00e4mnden eller andra ber\u00f6rda myndigheter. Vi kan komma att anlita personuppgiftsbitr\u00e4de f\u00f6r behandling av dina personuppgifter. Det kan till exempel g\u00e4lla en entrepren\u00f6r som ska reparera n\u00e5got i din l\u00e4genhet, ett f\u00f6retag som tillhandah\u00e5ller bredband eller el, ett inkassof\u00f6retag eller ett f\u00f6retag som sk\u00f6ter v\u00e5ra IT-system. Vi l\u00e4mnar ocks\u00e5 ut dina personuppgifter n\u00e4r det f\u00f6ljer av lag eller myndighetsbeslut. Om uppgifterna \u00f6verf\u00f6rs till ett land utanf\u00f6r EU, s\u00e4kerst\u00e4ller vi att s\u00e5dan \u00f6verf\u00f6ring \u00e4r laglig. Vi sparar dina personuppgifter under den tid de \u00e4r relevanta. Ett borgens\u00e5tagande, beslut om f\u00f6rvaltare eller god man raderar vi tv\u00e5 \u00e5r efter \u00e5tagandets eller beslutet har upph\u00f6rt att g\u00e4lla.<\/p>\n<p><strong>N\u00e4r hyresf\u00f6rh\u00e5llandet \u00e4r slut:<\/strong> Vi kommer att gallra och rensa personuppgifter om dig n\u00e4r du flyttat fr\u00e5n din l\u00e4genhet, men vissa uppgifter m\u00e5ste vi spara i minst tv\u00e5 \u00e5r d\u00e4refter som till exempel hyresavtalet, beslut fr\u00e5n socialn\u00e4mnd och studieintyg. Uppgifter om dig som finns i v\u00e5rt bokf\u00f6ringsmaterial, till exempel betalningar, kommer vi att spara i sju \u00e5r inklusive innevarande \u00e5r.<\/p>\n<p><strong>Dina r\u00e4ttigheter:<\/strong> Om du inte vill att dina personuppgifter ska behandlas f\u00f6r marknadsf\u00f6rings\u00e4ndam\u00e5l kan du n\u00e4r som helst meddela oss detta. Du har r\u00e4tt att f\u00e5 information om vilka personuppgifter vi hanterar om dig, ett registerutdrag. Du har ocks\u00e5 r\u00e4tt att f\u00e5 felaktiga uppgifter r\u00e4ttade. Du har ocks\u00e5 r\u00e4tt att kr\u00e4va att vi begr\u00e4nsar v\u00e5r behandling av dina personuppgifter om du till exempel anser att de inte \u00e4r korrekta. Du har r\u00e4tt att f\u00e5 dina personuppgifter \u00f6verf\u00f6rda till ett annat f\u00f6retag (dataportabilitet). Du har ocks\u00e5 r\u00e4tt att klaga p\u00e5 hur vi behandlar dina personuppgifter till oss och till tillsynsmyndigheten, Datainspektionen. Det kan du g\u00f6ra om du tycker att vi inte behandlar dina personuppgifter i enlighet med Dataskyddsf\u00f6rordningen.<\/p>\n<p>https:\/\/www.datainspektionen.se\/<\/p>\n","protected":false},"excerpt":{"rendered":"<p>GDPR GDPR (General Data Protection Regulation) \u00e4r en ny dataskyddslag inom EU som b\u00f6rjar g\u00e4lla i hela EU fredag 25 maj 2018. GDPR ers\u00e4tter den svenska Personuppgiftslagen (PUL) och reglerar hur f\u00f6retag f\u00e5r behandla personuppgifter. Vi p\u00e5 Biskopens Fastighetsf\u00f6rvaltning tycker det \u00e4r viktigt med din integritet och att ni skall k\u00e4nna er trygga med hur vi hanterar era personuppgifter. Vill du f\u00e5 en b\u00e4ttre inblick i hur vi hanterar dina personuppgifter. Nedan kan du l\u00e4sa mer om hur vi sparar&#8230;<\/p>\n<p class=\"read-more\"><a class=\"btn btn-default\" href=\"https:\/\/biskopen.se\/index.php\/gdpr\/\">L\u00e4s mer<span class=\"screen-reader-text\"> L\u00e4s mer<\/span><\/a><\/p>\n","protected":false},"author":3,"featured_media":0,"parent":0,"menu_order":0,"comment_status":"closed","ping_status":"closed","template":"","meta":{"saved_in_kubio":false,"footnotes":""},"class_list":["post-678","page","type-page","status-publish","hentry"],"kubio_ai_page_context":{"short_desc":"","purpose":"general"},"_links":{"self":[{"href":"https:\/\/biskopen.se\/index.php\/wp-json\/wp\/v2\/pages\/678","targetHints":{"allow":["GET"]}}],"collection":[{"href":"https:\/\/biskopen.se\/index.php\/wp-json\/wp\/v2\/pages"}],"about":[{"href":"https:\/\/biskopen.se\/index.php\/wp-json\/wp\/v2\/types\/page"}],"author":[{"embeddable":true,"href":"https:\/\/biskopen.se\/index.php\/wp-json\/wp\/v2\/users\/3"}],"replies":[{"embeddable":true,"href":"https:\/\/biskopen.se\/index.php\/wp-json\/wp\/v2\/comments?post=678"}],"version-history":[{"count":2,"href":"https:\/\/biskopen.se\/index.php\/wp-json\/wp\/v2\/pages\/678\/revisions"}],"predecessor-version":[{"id":683,"href":"https:\/\/biskopen.se\/index.php\/wp-json\/wp\/v2\/pages\/678\/revisions\/683"}],"wp:attachment":[{"href":"https:\/\/biskopen.se\/index.php\/wp-json\/wp\/v2\/media?parent=678"}],"curies":[{"name":"wp","href":"https:\/\/api.w.org\/{rel}","templated":true}]}}